be q(-3). Suppose 3*v - 5*x - 633 = 0, 0*v + 5*x - o = -5*v. What is the units digit of v?
1
Let q = 22812 + -10245. What is the units digit of q?
7
Let t = -18 - -20. Suppose t*b + 5*z = b - 2, 5*z = -3*b + 4. Suppose 2*f - 674 = -2*f - p, b*p = -6. What is the units digit of f?
9
Let q = 4 - -1. Suppose 276 = q*d - 564. Suppose 2*y = 3*c + 387, 2*c = y - 24 - d. What is the units digit of y?
8
Let v = 104979 - 74225. What is the hundreds digit of v?
7
What is the thousands digit of (12/(-45) + (-4)/(-6))/((-272)/(-14401040))?
1
Suppose -5*h - 15*m = -16*m - 153310, -5*h = -5*m - 153330. What is the hundreds digit of h?
6
Suppose 10*u - 8*u - 286 = 0. Suppose l + 3*l = 3*k - u, 3*k - 73 = 2*l. Let s = l - -39. What is the units digit of s?
4
Let t = 46 + -41. Suppose t*o - 297 = -4*d, 0 = o + 7*d - 5*d - 63. What is the tens digit of o?
5
Suppose 136 = -t + 140. Suppose -5*r + 4*m + 650 = -278, -t*r - m = -734. What is the hundreds digit of r?
1
Let m = -12061 - -56396. What is the hundreds digit of m?
3
What is the thousands digit of (33547 + 1)*(-2 - 88/(-32))?
5
Let f be -2 - 2655/(12/(-4)). Let j = f + -612. What is the tens digit of j?
7
Let o(r) = -2*r**3 + 18*r**2 + 20*r - 11. Let g be o(10). Suppose -4*d - 4*k = -964, -403 = -3*d + k + 300. Let x = d + g. What is the hundreds digit of x?
2
Let u(y) = -1745*y - 2101. What is the tens digit of u(-13)?
8
Let h(j) = 251*j + 51. Suppose 6*d = 19*d - 91. What is the hundreds digit of h(d)?
8
What is the thousands digit of 12/(-2) + -3 + (2170 - -1)?
2
Let a(i) = 5199*i**2 + 11*i + 29. What is the hundreds digit of a(-2)?
8
Let y(d) = 3*d**2 - 15*d + 10. Let m be y(5). Suppose -x = 5, -x + m = 5*w + x. Suppose -w*b + 51 - 19 = 0. What is the units digit of b?
8
Suppose -3042 - 3748 = 14*s. Let a = s + 1341. What is the tens digit of a?
5
Suppose 412 = 26*m - 82. Suppose -15*v = -m*v + 1556. What is the units digit of v?
9
Let b = -77 + 23. Let p = b - -59. Suppose 0 = -3*m - p*u + 356, 6*m - 5*u - 316 = 3*m. What is the hundreds digit of m?
1
Suppose -y + 133 - 46 = 4*s, -3*s - 3*y + 72 = 0. Suppose -75*l = -s*l - 41526. What is the hundreds digit of l?
7
Suppose -19*p = -p - 168480. Suppose 3*w - 12*w + p = 0. What is the thousands digit of w?
1
Let g(x) = 55*x - 17. Let r(m) = 2*m**2 - 7*m + 5. Let u be r(4). What is the hundreds digit of g(u)?
4
Let g(s) = 2*s - 21. Let m be g(14). Suppose 0 = -4*t + m*t - 12. Suppose -3*f + 416 = 4*x - t*f, -4*x + 5*f + 416 = 0. What is the units digit of x?
4
Let d be (-3 + -3)*(-65)/15. Suppose 75*c - 73*c - d = 0. Suppose -17*s + 296 = -c*s. What is the units digit of s?
4
Suppose 11 + 13 = 6*p. Let f(s) = -s**3 + 6*s**2 - 4*s - 7. Let g be f(p). What is the units digit of (-6*2/g)/(4/(-312))?
4
Suppose -4*f + f = 12, -4*r = -f - 484. Let y(o) = 3*o - 7 + r*o**2 + 2 + 3 - 2. What is the hundreds digit of y(1)?
1
Let l(x) = -69*x - 18. Let f be l(2). Let p(v) = 128*v + 4. Let h be p(2). Let o = h + f. What is the tens digit of o?
0
Let w(u) = 5*u**3 + 47*u - 254. What is the tens digit of w(15)?
2
Let l(r) = 134*r + 46 + 138*r - 47 - 276*r. Let x(n) = n - 9. Let v be x(0). What is the units digit of l(v)?
5
Let o(l) = 66 + 71 - 220 - 9*l + 74. Let d = 2 - 8. What is the tens digit of o(d)?
4
Let h(d) = -6*d + 3*d - 33 + 51 + d**3 + 49. What is the tens digit of h(0)?
6
Let f be (20/(-50))/(2/30*-1). Let v be (3 + 2)*(72/(-10) + f). What is the units digit of ((-24)/20)/(v/195)?
9
Suppose -46988 = -9*a + 4*v, 2*v - 6*v - 10448 = -2*a. What is the thousands digit of a?
5
Suppose -5*w + 159 = 4*c, -3*w - 5*c = w - 129. Suppose -2*j + w = 3*t, -t + 6*t - 47 = -3*j. What is the tens digit of j?
1
Let c be -39*(163/(-15) + (-6)/45). Let s = c + -883. Let d = -228 - s. What is the units digit of d?
6
Let q = 13 - -26. Let z = -39 + q. Suppose -y - 2*x + 39 = 0, -144 = -4*y - z*x - 2*x. What is the units digit of y?
5
Suppose 2*f = 4874 + 5590. Suppose 16*v = 12*v + f. What is the tens digit of 6/15 - v/(-30)?
4
Suppose 34*d + 2533349 = 106*d + 25*d. What is the tens digit of d?
1
Suppose 18*n - 20*n + 13892 = h, 41656 = 3*h + 11*n. What is the tens digit of h?
0
Let o(m) be the first derivative of m**3/3 + 21*m**2/2 + 8*m + 68. What is the tens digit of o(4)?
0
Suppose 0 = -4174*h + 4203*h - 1045589 + 77801. What is the units digit of h?
2
What is the thousands digit of (-16)/(112/(-48265)) - -2?
6
Suppose -c - 3*k + 43876 = 0, 12*k = -c + 7*k + 43882. What is the ten thousands digit of c?
4
Let s be 5 - 10/((-10)/2609). Suppose 6*v + s = 12466. What is the hundreds digit of v?
6
Let q(m) = m**3 - 7*m**2 - 2*m + 16. Let k be q(11). Let i = k + -177. What is the tens digit of i?
0
Let b(a) = 88*a**2 - 6*a + 22. What is the hundreds digit of b(10)?
7
Let k be (22/55)/(4/50). Suppose -k*w + 2*b + 1195 = -380, -4*w = 5*b - 1260. Suppose -1246 = -7*t - w. What is the units digit of t?
3
Let s(o) be the second derivative of 27/2*o**2 - 31*o + 1/12*o**4 + 0 + 1/3*o**3. What is the hundreds digit of s(11)?
1
Let y(g) = g - 22. Let u be y(5). What is the hundreds digit of 1377 - 9/(8 + u)?
3
Let p(n) = n**3 + 3*n**2 + 2*n + 36. Let o be p(-7). Suppose 0 = m - k + 117, 6*m + 4*k + 468 = 2*m. Let l = m - o. What is the units digit of l?
7
Let d = 9 - 4. Suppose -d*c + 3*l + 28 = 0, 5*c - l + 6*l - 20 = 0. Suppose 2*s = -2, -2*y + 0*s + 253 = -c*s. What is the hundreds digit of y?
1
Suppose 586*k = 532*k + 378432. What is the hundreds digit of k?
0
Let i be (-476)/(-51) - 2/6. What is the tens digit of 22/3*i/6?
1
Suppose 15 = 3*p + 2*t, 2*p - 22 + 4 = -4*t. Suppose p*g - 8*g = -130. Suppose -5*a - g = -106. What is the units digit of a?
6
Suppose 0 = v - 3*q - 37, 2*q - 74 = -3*v + 15. Suppose 0 = -10*s + v + 19. Let g(x) = -x**3 + 3*x**2 + 9*x + 14. What is the units digit of g(s)?
9
Let f(v) = 54*v - 48. Let q be f(7). Suppose 2*d + 2*h = q, d + 4*d = 2*h + 853. What is the hundreds digit of d?
1
Suppose -1837 = -4*p - 5. Suppose -76 = 2*u - p. Suppose h = -5*q + u, 2*q + 3*q + 4*h = 194. What is the tens digit of q?
3
Let g be 1*(-3 - -5)*23. Suppose -10*x = -9*x - g. What is the tens digit of x?
4
Let r = -18 + 20. Suppose h = r*s - 71, 151 = 4*s - h - 4*h. Suppose -30*k + s*k = 164. What is the tens digit of k?
4
What is the units digit of 637/(-39)*684/(-42)?
6
Let o = 391 + -718. What is the units digit of -3 - (o + 6 - 5)?
3
Let p be (-2)/3 + 13060/15 - 4. Suppose -7*l + p = -6169. What is the thousands digit of l?
1
Let n be -2*1/8 - 27/(-12). Suppose 1333 = 2*g + g + n*t, 3*g - 4*t = 1303. What is the tens digit of g?
4
Suppose -5*z + 3*n + n + 20 = 0, z + 5*n + 25 = 0. Let m(j) = 2*j + 15. Let o(k) = -2*k - 15. Let w(q) = -2*m(q) - 3*o(q). What is the units digit of w(z)?
5
Let q(s) be the third derivative of 0 - 1/15*s**5 + 0*s**3 - 18*s**2 + 0*s + 1/8*s**4 + 1/40*s**6. What is the hundreds digit of q(4)?
1
Suppose 85*f - 410505 - 135875 = 0. What is the tens digit of f?
2
Suppose 0*n = 2*n + 2*n. Suppose n = -2*z + 5*q - 10, -2*q - 7 = -2*z - z. Suppose -a = 5*v - 138, 0*v = z*v + 3*a - 134. What is the tens digit of v?
2
Let g(u) be the first derivative of -u**4/4 + 5*u**3/3 - 5*u**2/2 + 30. What is the tens digit of g(-6)?
2
Let b be 6 + (13/26)/(1/(-6)). Suppose 2*j - 4*i + 55 = -7*i, 3*j + 93 = -i. Let y = b - j. What is the units digit of y?
5
Let v(m) = 161*m + 961. What is the thousands digit of v(23)?
4
Suppose -6*m + 5*m - 13 = -2*j, -4*m + 14 = 3*j. Suppose z = j*z + 15. What is the units digit of -42*(-4 - -2) + z?
1
Suppose 0*z - 60836 = -5*z + 12*s, -2*z = -4*s - 24340. What is the tens digit of z?
8
Let x = -51522 - -90340. What is the tens digit of x?
1
Let a(p) = 27*p + 3488. What is the hundreds digit of a(-117)?
3
Let q(o) = 3*o - 28. Let m be q(10). Suppose -50 = 12*h - m. Let j(k) = -71*k + 10. What is the tens digit of j(h)?
9
Suppose 8*o = 5*o - 24. What is the units digit of 72*(4 + 28/o)?
6
Suppose 8*j - 15 - 17 = 0. Suppose 0 = 5*l + 20, -5*l + 411 + 437 = j*a. What is the units digit of a?
7
Let d(h) = 16297*h**3 - 18*h + 19. What is the tens digit of d(1)?
9
Suppose -3*w = -x + 72677, -76*w = -79*w - 21. What is the units digit of x?
6
Let a(o) = o**2 - 11*o - 31. Let d = -58 + -90. Let w = -134 - d. What is the tens digit of